8. Let v be x(-7). Let w = v + -3. What is the units digit of w?
3
Suppose -6 + 1 = 5*g. Let n(r) = r + 8. Let m be n(8). Let q = m + g. What is the units digit of q?
5
Let g = -42 + 85. Let s = g + -7. Suppose -2*o - s = -5*c, -2*c + 4*c - 26 = -5*o. What is the units digit of c?
8
Suppose 149 = 5*o + p + 12, -99 = -3*o + 5*p. What is the units digit of o?
8
Let k(z) = 77*z**3 + z - 2. What is the units digit of k(1)?
6
Suppose -3 = -0*p - p. Suppose 0 = -2*q + 6*q + 2*n - 28, -p*q = -5*n - 8. What is the units digit of -1 + (q - (1 + 1))?
3
Let j(z) = -z**3 - 4*z**2 + 4*z - 4. Suppose -12 = 2*u + g, 0*u - 5*u = -3*g + 19. What is the units digit of j(u)?
1
Let m(i) = i. Let u be m(-3). Let r(n) = 5*n**2 - 2*n - 7. What is the tens digit of r(u)?
4
Suppose 0 = -5*g - 3*y + 21, 2*g + 3*y = -g + 15. Suppose -g - 3 = -3*m. What is the units digit of m - (-6)/(-9)*-3?
4
What is the tens digit of 21351/63 - 4/(-42)?
3
Let u(y) be the second derivative of y**4/12 - 4*y**3/3 - 3*y**2 + 5*y. What is the tens digit of u(10)?
1
Let k(n) be the second derivative of n**4/12 - n**2/2 + 3*n. Let h(a) = 4*a**2 + 4*a. Let x(j) = -h(j) + 5*k(j). What is the units digit of x(6)?
7
Suppose 2*t + 0*t = -46. What is the units digit of (-2)/1*t - 2?
4
Let y = 98 + -81. What is the units digit of y?
7
Suppose 3*f = 2*b + 304, -4*f - 5*b - 114 + 527 = 0. What is the units digit of f?
2
Suppose 0 = 6*b - 5*b - 53. What is the units digit of b?
3
Let c(s) = s**3 - s**2 + 5*s + 4. What is the units digit of c(3)?
7
Let h(y) = 3*y - 1. Let g(s) = -s. Let d(j) = -2*g(j) - h(j). What is the units digit of d(-6)?
7
Suppose -15 = -3*x + 5*l, -2*x + 4*x = 4*l + 10. Suppose 4*n - 16 - 44 = 4*k, -15 = -x*k. Let u = n + -5. What is the units digit of u?
3
Let w(x) = x**3 - 2*x**2 + 2*x + 58. What is the tens digit of w(0)?
5
What is the tens digit of (-2)/(-5) - 4430/(-50)?
8
What is the units digit of (-475)/10*8/(-10)?
8
Let r = -76 - -124. Suppose -5*l + l + r = 0. What is the units digit of (l/(-9))/((-2)/9)?
6
Let u(o) = -o**2 + o - 1. Let x be u(2). What is the units digit of (-7)/(0/x - 1)?
7
Suppose -p = -b + 37, 0 = -b - p + 23 + 12. What is the units digit of b?
6
Let g = 6 + -1. Suppose -6*q = -g*q - 6. What is the units digit of q?
6
Suppose 930 = -14*r + 24*r. What is the units digit of r?
3
Let a(n) be the third derivative of n**6/120 + n**5/12 - n**4/12 - n**3/3 + 4*n**2. What is the tens digit of a(-3)?
2
Let l = -21 + 9. Let w = -1 - l. What is the tens digit of w?
1
Let s be (-2)/(0/(-2) - 2). Let w(o) = -2 - s + 8 - 1 + 4*o. What is the tens digit of w(3)?
1
Suppose -10 + 30 = -4*l, 0 = -3*j - l + 127. What is the units digit of j?
4
What is the units digit of -1 + -1 + (43 - -6)?
7
Let i(f) = 2*f**2 + 13*f + 10. Let l be i(-9). Suppose 5*a - l - 20 = 0. Suppose -5*n - y = -32, -2*y = 2*n + n - a. What is the units digit of n?
7
Let w = 215 - -15. What is the hundreds digit of w?
2
What is the tens digit of (-11764)/(-119) + (-6)/7?
9
Let v = 1 - 2. Let z = 0 + v. What is the units digit of ((-5)/2)/(z/2)?
5
Suppose 0 = 6*a - a + 4*p - 93, 2 = p. Let f = 32 - a. What is the tens digit of f?
1
Let u = 250 + -76. What is the hundreds digit of u?
1
Let q(s) = s**3 + 2*s**2 - s - 1. Let b be q(-1). Let p(i) = 26*i**2 + 1. What is the units digit of p(b)?
7
Suppose 0*f - 1532 = -4*f. What is the tens digit of f?
8
Let l be (3/(-2))/((-4)/8). Suppose -2*d + 8 = 3*n - 0, -l*n - 4*d = -10. What is the units digit of n?
2
Let s(a) = -5*a - 7. What is the units digit of s(-5)?
8
What is the tens digit of -2 - 1729/(-5) - (-12)/60?
4
Let c(w) = w**3 - w + 2. Let t be c(0). Suppose t*o + o - 5*p - 5 = 0, -3*o = -4*p - 10. What is the units digit of o?
0
Let x = -6 + 1. Let o(a) = -a**2 - 5*a + 4. What is the units digit of o(x)?
4
Suppose 3*a - 69 - 6 = 0. What is the units digit of a?
5
Let p(q) = -18*q**3 + q**2 + 2*q + 1. Let v be (-1 + -2)*2/6. Let h be p(v). What is the units digit of (h/15)/(3/10)?
4
Let n(p) = -p**3 - 2*p**2 + p - 3. Suppose -2*d + 5*d + 9 = -2*y, -2*y + d = -3. Suppose -4*s = 5*a + 12, -2*a + 0*a = y. What is the units digit of n(s)?
3
Suppose -76 = -3*c - 22. Suppose 2*s + 3*v = -0*s + c, 0 = -3*v - 6. What is the units digit of s?
2
What is the hundreds digit of (-1)/(-8) - (-9910)/80?
1
Let r be 2 - (-3 - (3 - 2)). Suppose 36 = -3*y + r*y. What is the tens digit of 224/y - (-2)/(-3)?
1
Let g = 11 + -2. What is the units digit of g?
9
Suppose 0 = -5*x - a, a = -3*x - 2*a - 12. What is the units digit of x?
1
Let s(c) be the third derivative of 2*c**2 + 0 + 1/6*c**3 + 0*c - 1/12*c**4. What is the tens digit of s(-5)?
1
Let d(q) = -21*q - 5. What is the tens digit of d(-3)?
5
Suppose 15 + 50 = 5*h. Let n be (-26)/(-6) + 2/(-6). Let w = h - n. What is the units digit of w?
9
Suppose 4*f + 3 = 3*f. Let i be (-103)/(-4) - f/12. Suppose -5*a - 15 = 0, -3*s + 5*a + i = -4. What is the units digit of s?
5
Let p = 3 - 5. Let u = 7 - 2. Let y = p + u. What is the units digit of y?
3
Suppose 0 = 3*x - 24 - 30. What is the units digit of x?
8
Let w be (-3 - -2)*(12 + 3). What is the units digit of (-4)/(4/3) - w?
2
Let j be (-6)/(-2)*1/3. Let i be (2 - -1) + (j - 0). What is the tens digit of (-2)/i*(-38 + 0)?
1
Let j = 107 - 66. What is the tens digit of j?
4
Let d(b) = 4*b - 1. Let f be d(1). Suppose 3 = 2*v - 4*q - 29, 4*v = -4*q + 16. Let r = v + f. What is the units digit of r?
1
Suppose 4*z = -104 + 288. What is the units digit of z?
6
Suppose -17 = -2*p - 5*u + 15, 2*p - 4*u = 32. Suppose p = 4*r, -r + 15 - 44 = -3*v. What is the tens digit of v?
1
Let i(c) be the second derivative of c**3/3 + c**2/2 + c. Let s be i(1). Suppose s*x + 5 = 4*x. What is the units digit of x?
5
Let l(m) = -4*m + 0*m**2 + m**2 - 2*m + 3. Let z be l(6). Suppose -b - 10 = -z*b. What is the units digit of b?
5
Let y(m) = m**2 - 5*m - 6. Let k be y(-5). Suppose -3*u + k = -2*v, -4*u + 37 = v - 40. What is the tens digit of u?
1
Let a be 0/(1 - -1) + 0. Suppose -3*z + 4*z - 5*u + 27 = 0, 2*z + 2*u + 18 = a. What is the units digit of (-4)/z - (-28)/6?
5
Suppose -1588 = -4*c + x, -5*c + 1985 = x - 0*x. What is the tens digit of c?
9
Let o be (2/(-6))/((-3)/27). Let z(n) = -4 + n + 4*n + n. What is the tens digit of z(o)?
1
Suppose k - 280 = -4*p - k, -4*p - 5*k = -292. Suppose 23 - p = -5*j. What is the units digit of j?
9
Let y(b) be the second derivative of b**3/6 + 3*b**2/2 - b. Suppose -15 = 5*k - 55. What is the units digit of y(k)?
1
Suppose -4*s = -7*s + x - 93, -4*s - 2*x - 114 = 0. Let c = s - -43. What is the tens digit of c?
1
Let x be (11 + -2)*7/(-21). Let n(r) = -2*r**3 - 3*r**2 + 3*r - 2. What is the tens digit of n(x)?
1
Suppose 14 - 55 = -i. Suppose 0 = 4*y - 3*y - i. What is the units digit of y?
1
Suppose 0 = -3*o - 2*n + 314, -3*n + 42 = 2*o - 164. What is the tens digit of o?
0
What is the tens digit of 2/(-4)*(2 + -303 + -1)?
5
Let d be -2 + (116 - -4) + 1. Suppose -37 = -3*c + d. What is the tens digit of c?
5
Suppose -18*s = -20*s + 16. Suppose 0 = 4*f - 24 - 4. Suppose 3*y + s = f*y. What is the units digit of y?
2
Suppose -10 = -2*s - 2*h, 7 = 2*s - 0*h + h. What is the units digit of 4/6*(1 + s)?
2
Let q = -17 + 22. What is the units digit of q?
5
Let r be (-4)/(-8) - (-14)/(-4). Let m be 1/r - 17/3. Let b = m - -16. What is the tens digit of b?
1
Let g be (2/(-5))/(4/(-20)). What is the units digit of ((-2)/(-4))/(g/8)?
2
Suppose 6*z - z - 60 = 0. What is the units digit of z?
2
Suppose y = -5*g + 136, 3*g + 190 = 3*y - 200. What is the tens digit of y?
3
Suppose -7*u + 4*u = -99. What is the tens digit of u?
3
Let v(x) = -x**3 + 4*x**2 + 5*x + 4. Let h be v(5). Suppose 0 = -h*k + 5 + 19. Let i = 0 + k. What is the units digit of i?
6
Let x = -6 - -5. Let f be 158/8 - x/4. Let u = -14 + f. What is the units digit of u?
6
Suppose 4*d = 130 - 18. What is the tens digit of d?
2
Let s(k) = 2*k**2 - k. Let c(f) = 3*f**2 + 1. Let h(o) = 5*c(o) - 6*s(o). What is the tens digit of h(-4)?
2
Suppose 5*r - 51 + 21 = 0. What is the units digit of r?
6
Let p(k) = -k**2 + 3*k. Let q be p(6). What is the units digit of (-14)/(-6)*q/(-6)?
7
Suppose 3*v + 26 + 49 = 0. Let b be (-4)/(-3)*(-114)/(-4). Let g = v + b. What is the units digit of g?
3
Let s(x) = -24*